{"id":493,"date":"2016-08-08T18:46:55","date_gmt":"2016-08-08T15:46:55","guid":{"rendered":"http:\/\/www.mypc.com.tr\/bilgisayar\/?page_id=493"},"modified":"2016-10-06T17:35:59","modified_gmt":"2016-10-06T14:35:59","slug":"site-haritasi","status":"publish","type":"page","link":"https:\/\/www.mypc.com.tr\/bilgisayar\/site-haritasi","title":{"rendered":"Site Haritas\u0131"},"content":{"rendered":"<style type=\"text\/css\">.simple-sitemap-container-69f8e615c4b5d.tab-enabled .panel { border-top: 4px solid #de5737; } .simple-sitemap-container-69f8e615c4b5d.tab-enabled input:checked + label { background-color: #de5737; } .simple-sitemap-container-69f8e615c4b5d.tab-enabled input:checked + label > * { color: #ffffff; } .simple-sitemap-container-69f8e615c4b5d.tab-enabled { max-width: ; }.simple-sitemap-container-69f8e615c4b5d { margin: 1em 0 0 0; } <\/style><div class=\"simple-sitemap-container simple-sitemap-container-69f8e615c4b5d tab-disabled\"><div class=\"simple-sitemap-wrap\"><h3 class=\"post-type\">Sayfalar<\/h3><ul class=\"simple-sitemap-page main\"><li class=\"sitemap-item page_item page-item-6\"><a href=\"https:\/\/www.mypc.com.tr\/bilgisayar\/\">Ana Sayfa<\/a><\/li>\n<li class=\"sitemap-item page_item page-item-140 page_item_has_children\"><a href=\"https:\/\/www.mypc.com.tr\/bilgisayar\/hizmetlerimiz\">Hizmetlerimiz<\/a>\n<ul class='children'>\n\t<li class=\"sitemap-item page_item page-item-226 page_item_has_children\"><a href=\"https:\/\/www.mypc.com.tr\/bilgisayar\/hizmetlerimiz\/bilgisayar-sistemleri-kurulumu\">Bilgisayar Sistemleri Kurulumu<\/a>\n\t<ul class='children'>\n\t\t<li class=\"sitemap-item page_item page-item-1975 page_item_has_children\"><a href=\"https:\/\/www.mypc.com.tr\/bilgisayar\/hizmetlerimiz\/bilgisayar-sistemleri-kurulumu\/bilgisayar-teknik-servis-tamir-hizmetleri\">Bilgisayar Teknik Servis Hizmetleri<\/a>\n\t\t<ul class='children'>\n\t\t\t<li class=\"sitemap-item page_item page-item-2112 page_item_has_children\"><a href=\"https:\/\/www.mypc.com.tr\/bilgisayar\/hizmetlerimiz\/bilgisayar-sistemleri-kurulumu\/bilgisayar-teknik-servis-tamir-hizmetleri\/acer\">Acer<\/a>\n\t\t\t<ul class='children'>\n\t\t\t\t<li class=\"sitemap-item page_item page-item-2150\"><a href=\"https:\/\/www.mypc.com.tr\/bilgisayar\/hizmetlerimiz\/bilgisayar-sistemleri-kurulumu\/bilgisayar-teknik-servis-tamir-hizmetleri\/acer\/acer-laptop-batarya-degisimi\">Acer Laptop Batarya De\u011fi\u015fimi<\/a><\/li>\n\t\t\t\t<li class=\"sitemap-item page_item page-item-2122\"><a href=\"https:\/\/www.mypc.com.tr\/bilgisayar\/hizmetlerimiz\/bilgisayar-sistemleri-kurulumu\/bilgisayar-teknik-servis-tamir-hizmetleri\/acer\/acer-laptop-ekran-tamiri-ve-degisimi\">Acer Laptop Ekran Tamiri ve De\u011fi\u015fimi<\/a><\/li>\n\t\t\t\t<li class=\"sitemap-item page_item page-item-2158\"><a href=\"https:\/\/www.mypc.com.tr\/bilgisayar\/hizmetlerimiz\/bilgisayar-sistemleri-kurulumu\/bilgisayar-teknik-servis-tamir-hizmetleri\/acer\/acer-laptop-klavye-degisimi\">Acer Laptop Klavye De\u011fi\u015fimi<\/a><\/li>\n\t\t\t<\/ul>\n<\/li>\n\t\t\t<li class=\"sitemap-item page_item page-item-2186 page_item_has_children\"><a href=\"https:\/\/www.mypc.com.tr\/bilgisayar\/hizmetlerimiz\/bilgisayar-sistemleri-kurulumu\/bilgisayar-teknik-servis-tamir-hizmetleri\/asus\">Asus<\/a>\n\t\t\t<ul class='children'>\n\t\t\t\t<li class=\"sitemap-item page_item page-item-2200\"><a href=\"https:\/\/www.mypc.com.tr\/bilgisayar\/hizmetlerimiz\/bilgisayar-sistemleri-kurulumu\/bilgisayar-teknik-servis-tamir-hizmetleri\/asus\/asus-laptop-batarya-degisimi\">Asus Laptop Batarya De\u011fi\u015fimi<\/a><\/li>\n\t\t\t\t<li class=\"sitemap-item page_item page-item-2191\"><a href=\"https:\/\/www.mypc.com.tr\/bilgisayar\/hizmetlerimiz\/bilgisayar-sistemleri-kurulumu\/bilgisayar-teknik-servis-tamir-hizmetleri\/asus\/asus-laptop-ekran-tamiri-ve-degisimi\">Asus Laptop Ekran Tamiri ve De\u011fi\u015fimi<\/a><\/li>\n\t\t\t\t<li class=\"sitemap-item page_item page-item-2206\"><a href=\"https:\/\/www.mypc.com.tr\/bilgisayar\/hizmetlerimiz\/bilgisayar-sistemleri-kurulumu\/bilgisayar-teknik-servis-tamir-hizmetleri\/asus\/asus-laptop-klavye-degisimi\">Asus Laptop Klavye De\u011fi\u015fimi<\/a><\/li>\n\t\t\t<\/ul>\n<\/li>\n\t\t\t<li class=\"sitemap-item page_item page-item-2237 page_item_has_children\"><a href=\"https:\/\/www.mypc.com.tr\/bilgisayar\/hizmetlerimiz\/bilgisayar-sistemleri-kurulumu\/bilgisayar-teknik-servis-tamir-hizmetleri\/dell\">Dell<\/a>\n\t\t\t<ul class='children'>\n\t\t\t\t<li class=\"sitemap-item page_item page-item-2249\"><a href=\"https:\/\/www.mypc.com.tr\/bilgisayar\/hizmetlerimiz\/bilgisayar-sistemleri-kurulumu\/bilgisayar-teknik-servis-tamir-hizmetleri\/dell\/dell-laptop-batarya-degisimi\">Dell Laptop Batarya De\u011fi\u015fimi<\/a><\/li>\n\t\t\t\t<li class=\"sitemap-item page_item page-item-2241\"><a href=\"https:\/\/www.mypc.com.tr\/bilgisayar\/hizmetlerimiz\/bilgisayar-sistemleri-kurulumu\/bilgisayar-teknik-servis-tamir-hizmetleri\/dell\/dell-laptop-ekran-tamiri-ve-degisimi\">Dell Laptop Ekran Tamiri ve De\u011fi\u015fimi<\/a><\/li>\n\t\t\t\t<li class=\"sitemap-item page_item page-item-2244\"><a href=\"https:\/\/www.mypc.com.tr\/bilgisayar\/hizmetlerimiz\/bilgisayar-sistemleri-kurulumu\/bilgisayar-teknik-servis-tamir-hizmetleri\/dell\/dell-laptop-klavye-degisimi\">Dell Laptop Klavye De\u011fi\u015fimi<\/a><\/li>\n\t\t\t<\/ul>\n<\/li>\n\t\t<\/ul>\n<\/li>\n\t\t<li class=\"sitemap-item page_item page-item-283\"><a href=\"https:\/\/www.mypc.com.tr\/bilgisayar\/hizmetlerimiz\/bilgisayar-sistemleri-kurulumu\/pc-toplama-sihirbazi\">PC Toplama Sihirbaz\u0131<\/a><\/li>\n\t<\/ul>\n<\/li>\n\t<li class=\"sitemap-item page_item page-item-627 page_item_has_children\"><a href=\"https:\/\/www.mypc.com.tr\/bilgisayar\/hizmetlerimiz\/firewall-sistemleri\">Firewall Sistemleri<\/a>\n\t<ul class='children'>\n\t\t<li class=\"sitemap-item page_item page-item-629\"><a href=\"https:\/\/www.mypc.com.tr\/bilgisayar\/hizmetlerimiz\/firewall-sistemleri\/fortinet-firewall\">Fortinet Firewall<\/a><\/li>\n\t\t<li class=\"sitemap-item page_item page-item-631\"><a href=\"https:\/\/www.mypc.com.tr\/bilgisayar\/hizmetlerimiz\/firewall-sistemleri\/sonicwall-firewall\">SonicWall Firewall<\/a><\/li>\n\t<\/ul>\n<\/li>\n\t<li class=\"sitemap-item page_item page-item-955\"><a href=\"https:\/\/www.mypc.com.tr\/bilgisayar\/hizmetlerimiz\/it-bakim-ve-onarim-hizmetleri\">IT &amp; Bak\u0131m ve Onar\u0131m Hizmetleri<\/a><\/li>\n\t<li class=\"sitemap-item page_item page-item-217 page_item_has_children\"><a href=\"https:\/\/www.mypc.com.tr\/bilgisayar\/hizmetlerimiz\/network-altyapi-kurulumu\">Network Altyap\u0131 Kurulumu<\/a>\n\t<ul class='children'>\n\t\t<li class=\"sitemap-item page_item page-item-1616\"><a href=\"https:\/\/www.mypc.com.tr\/bilgisayar\/hizmetlerimiz\/network-altyapi-kurulumu\/server-odasi-kurulumu\">Server Odas\u0131 Kurulumu<\/a><\/li>\n\t\t<li class=\"sitemap-item page_item page-item-1595\"><a href=\"https:\/\/www.mypc.com.tr\/bilgisayar\/hizmetlerimiz\/network-altyapi-kurulumu\/yapisal-kablolama\">Yap\u0131sal Kablolama<\/a><\/li>\n\t<\/ul>\n<\/li>\n\t<li class=\"sitemap-item page_item page-item-242 page_item_has_children\"><a href=\"https:\/\/www.mypc.com.tr\/bilgisayar\/hizmetlerimiz\/santral-sistemleri-kurulumu\">Santral Sistemleri Kurulumu<\/a>\n\t<ul class='children'>\n\t\t<li class=\"sitemap-item page_item page-item-890 page_item_has_children\"><a href=\"https:\/\/www.mypc.com.tr\/bilgisayar\/hizmetlerimiz\/santral-sistemleri-kurulumu\/karel-santral-sistemleri\">Karel Santral<\/a>\n\t\t<ul class='children'>\n\t\t\t<li class=\"sitemap-item page_item page-item-2032\"><a href=\"https:\/\/www.mypc.com.tr\/bilgisayar\/hizmetlerimiz\/santral-sistemleri-kurulumu\/karel-santral-sistemleri\/arnavutkoy-karel-santral-ariza-bakim-ve-teknik-servisi\">Arnavutk\u00f6y Karel Santral Ar\u0131za Bak\u0131m ve Teknik Servisi<\/a><\/li>\n\t\t\t<li class=\"sitemap-item page_item page-item-2038\"><a href=\"https:\/\/www.mypc.com.tr\/bilgisayar\/hizmetlerimiz\/santral-sistemleri-kurulumu\/karel-santral-sistemleri\/avcilar-karel-santral-ariza-bakim-ve-teknik-servisi\">Avc\u0131lar Karel Santral Ar\u0131za Bak\u0131m ve Teknik Servisi<\/a><\/li>\n\t\t\t<li class=\"sitemap-item page_item page-item-2041\"><a href=\"https:\/\/www.mypc.com.tr\/bilgisayar\/hizmetlerimiz\/santral-sistemleri-kurulumu\/karel-santral-sistemleri\/bagcilar-karel-santral-ariza-bakim-ve-teknik-servisi\">Ba\u011fc\u0131lar Karel Santral Ar\u0131za Bak\u0131m ve Teknik Servisi<\/a><\/li>\n\t\t\t<li class=\"sitemap-item page_item page-item-2044\"><a href=\"https:\/\/www.mypc.com.tr\/bilgisayar\/hizmetlerimiz\/santral-sistemleri-kurulumu\/karel-santral-sistemleri\/bahcelievler-karel-santral-ariza-bakim-ve-teknik-servisi\">Bah\u00e7elievler Karel Santral Ar\u0131za Bak\u0131m ve Teknik Servisi<\/a><\/li>\n\t\t\t<li class=\"sitemap-item page_item page-item-2048\"><a href=\"https:\/\/www.mypc.com.tr\/bilgisayar\/hizmetlerimiz\/santral-sistemleri-kurulumu\/karel-santral-sistemleri\/bakirkoy-karel-santral-ariza-bakim-ve-teknik-servisi\">Bak\u0131rk\u00f6y Karel Santral Ar\u0131za Bak\u0131m ve Teknik Servisi<\/a><\/li>\n\t\t\t<li class=\"sitemap-item page_item page-item-2061\"><a href=\"https:\/\/www.mypc.com.tr\/bilgisayar\/hizmetlerimiz\/santral-sistemleri-kurulumu\/karel-santral-sistemleri\/basaksehir-karel-santral-ariza-bakim-ve-teknik-servisi\">Ba\u015fak\u015fehir Karel Santral Ar\u0131za Bak\u0131m ve Teknik Servisi<\/a><\/li>\n\t\t\t<li class=\"sitemap-item page_item page-item-2051\"><a href=\"https:\/\/www.mypc.com.tr\/bilgisayar\/hizmetlerimiz\/santral-sistemleri-kurulumu\/karel-santral-sistemleri\/bayrampasa-karel-santral-ariza-bakim-ve-teknik-servisi\">Bayrampa\u015fa Karel Santral Ar\u0131za Bak\u0131m ve Teknik Servisi<\/a><\/li>\n\t\t<\/ul>\n<\/li>\n\t<\/ul>\n<\/li>\n\t<li class=\"sitemap-item page_item page-item-274 page_item_has_children\"><a href=\"https:\/\/www.mypc.com.tr\/bilgisayar\/hizmetlerimiz\/ses-ve-anons-sistemleri-kurulumu\">Ses &amp; Anons Sistemleri Kurulumu<\/a>\n\t<ul class='children'>\n\t\t<li class=\"sitemap-item page_item page-item-2318\"><a href=\"https:\/\/www.mypc.com.tr\/bilgisayar\/hizmetlerimiz\/ses-ve-anons-sistemleri-kurulumu\/acil-anons-sistemleri\">Acil Anons Sistemleri<\/a><\/li>\n\t\t<li class=\"sitemap-item page_item page-item-2584\"><a href=\"https:\/\/www.mypc.com.tr\/bilgisayar\/hizmetlerimiz\/ses-ve-anons-sistemleri-kurulumu\/cafe-restaurant-ses-sistemleri\">Cafe \/ Restaurant Ses Sistemleri<\/a><\/li>\n\t\t<li class=\"sitemap-item page_item page-item-2640\"><a href=\"https:\/\/www.mypc.com.tr\/bilgisayar\/hizmetlerimiz\/ses-ve-anons-sistemleri-kurulumu\/cami-ses-sistemleri\">Cami Ses Sistemleri<\/a><\/li>\n\t\t<li class=\"sitemap-item page_item page-item-2322\"><a href=\"https:\/\/www.mypc.com.tr\/bilgisayar\/hizmetlerimiz\/ses-ve-anons-sistemleri-kurulumu\/magaza-ses-sistemleri\">Ma\u011faza Ses Sistemleri<\/a><\/li>\n\t<\/ul>\n<\/li>\n\t<li class=\"sitemap-item page_item page-item-1217\"><a href=\"https:\/\/www.mypc.com.tr\/bilgisayar\/hizmetlerimiz\/veri-kurtarma-ve-imha-hizmetleri\">Veri Kurtarma &amp; \u0130mha Hizmetleri<\/a><\/li>\n\t<li class=\"sitemap-item page_item page-item-343\"><a href=\"https:\/\/www.mypc.com.tr\/bilgisayar\/hizmetlerimiz\/yazici-kiralama-hizmetleri\">Yaz\u0131c\u0131 Kiralama Hizmetleri<\/a><\/li>\n<\/ul>\n<\/li>\n<li class=\"sitemap-item page_item page-item-108 page_item_has_children\"><a href=\"https:\/\/www.mypc.com.tr\/bilgisayar\/iletisim\">\u0130leti\u015fim<\/a>\n<ul class='children'>\n\t<li class=\"sitemap-item page_item page-item-265\"><a href=\"https:\/\/www.mypc.com.tr\/bilgisayar\/iletisim\/destek\">Destek<\/a><\/li>\n\t<li class=\"sitemap-item page_item page-item-271\"><a href=\"https:\/\/www.mypc.com.tr\/bilgisayar\/iletisim\/fiyat-talebi\">Fiyat Talebi<\/a><\/li>\n<\/ul>\n<\/li>\n<li class=\"sitemap-item page_item page-item-205\"><a href=\"https:\/\/www.mypc.com.tr\/bilgisayar\/kampanyalar\">Kampanyalar<\/a><\/li>\n<li class=\"sitemap-item page_item page-item-117\"><a href=\"https:\/\/www.mypc.com.tr\/bilgisayar\/kurumsal\">Kurumsal<\/a><\/li>\n<li class=\"sitemap-item page_item page-item-493\"><a href=\"https:\/\/www.mypc.com.tr\/bilgisayar\/site-haritasi\">Site Haritas\u0131<\/a><\/li>\n<li class=\"sitemap-item page_item page-item-146 page_item_has_children\"><a href=\"https:\/\/www.mypc.com.tr\/bilgisayar\/urunler\">\u00dcr\u00fcnler<\/a>\n<ul class='children'>\n\t<li class=\"sitemap-item page_item page-item-151 page_item_has_children\"><a href=\"https:\/\/www.mypc.com.tr\/bilgisayar\/urunler\/bilgisayar-sistemleri\">Bilgisayar Sistemleri<\/a>\n\t<ul class='children'>\n\t\t<li class=\"sitemap-item page_item page-item-154\"><a href=\"https:\/\/www.mypc.com.tr\/bilgisayar\/urunler\/bilgisayar-sistemleri\/dizustu-bilgisayar\">Diz\u00fcst\u00fc Bilgisayar<\/a><\/li>\n\t\t<li class=\"sitemap-item page_item page-item-157\"><a href=\"https:\/\/www.mypc.com.tr\/bilgisayar\/urunler\/bilgisayar-sistemleri\/masaustu-bilgisayar\">Masa\u00fcst\u00fc Bilgisayar<\/a><\/li>\n\t\t<li class=\"sitemap-item page_item page-item-175\"><a href=\"https:\/\/www.mypc.com.tr\/bilgisayar\/urunler\/bilgisayar-sistemleri\/monitor\">Monit\u00f6r<\/a><\/li>\n\t\t<li class=\"sitemap-item page_item page-item-1342\"><a href=\"https:\/\/www.mypc.com.tr\/bilgisayar\/urunler\/bilgisayar-sistemleri\/nano-terminal-mini-bilgisayar\">Nano, Terminal &amp; Mini Bilgisayar<\/a><\/li>\n\t\t<li class=\"sitemap-item page_item page-item-177\"><a href=\"https:\/\/www.mypc.com.tr\/bilgisayar\/urunler\/bilgisayar-sistemleri\/network-urunleri\">Network \u00dcr\u00fcnleri<\/a><\/li>\n\t\t<li class=\"sitemap-item page_item page-item-179\"><a href=\"https:\/\/www.mypc.com.tr\/bilgisayar\/urunler\/bilgisayar-sistemleri\/projeksiyon\">Projeksiyon<\/a><\/li>\n\t\t<li class=\"sitemap-item page_item page-item-159\"><a href=\"https:\/\/www.mypc.com.tr\/bilgisayar\/urunler\/bilgisayar-sistemleri\/sunucu-bilgisayar\">Sunucu Bilgisayar<\/a><\/li>\n\t\t<li class=\"sitemap-item page_item page-item-183\"><a href=\"https:\/\/www.mypc.com.tr\/bilgisayar\/urunler\/bilgisayar-sistemleri\/televizyon\">Televizyon<\/a><\/li>\n\t\t<li class=\"sitemap-item page_item page-item-756\"><a href=\"https:\/\/www.mypc.com.tr\/bilgisayar\/urunler\/bilgisayar-sistemleri\/toner-ve-muadil-toner\">Toner &amp; Muadil Toner<\/a><\/li>\n\t\t<li class=\"sitemap-item page_item page-item-181\"><a href=\"https:\/\/www.mypc.com.tr\/bilgisayar\/urunler\/bilgisayar-sistemleri\/veri-depolama\">Veri Depolama<\/a><\/li>\n\t\t<li class=\"sitemap-item page_item page-item-185\"><a href=\"https:\/\/www.mypc.com.tr\/bilgisayar\/urunler\/bilgisayar-sistemleri\/yazici\">Yaz\u0131c\u0131<\/a><\/li>\n\t\t<li class=\"sitemap-item page_item page-item-706\"><a href=\"https:\/\/www.mypc.com.tr\/bilgisayar\/urunler\/bilgisayar-sistemleri\/yazilim\">Yaz\u0131l\u0131m<\/a><\/li>\n\t<\/ul>\n<\/li>\n\t<li class=\"sitemap-item page_item page-item-163 page_item_has_children\"><a href=\"https:\/\/www.mypc.com.tr\/bilgisayar\/urunler\/santral-sistemleri\">Santral Sistemleri<\/a>\n\t<ul class='children'>\n\t\t<li class=\"sitemap-item page_item page-item-193\"><a href=\"https:\/\/www.mypc.com.tr\/bilgisayar\/urunler\/santral-sistemleri\/ip-telefon\">IP Telefon<\/a><\/li>\n\t\t<li class=\"sitemap-item page_item page-item-195\"><a href=\"https:\/\/www.mypc.com.tr\/bilgisayar\/urunler\/santral-sistemleri\/santral\">Santral<\/a><\/li>\n\t<\/ul>\n<\/li>\n\t<li class=\"sitemap-item page_item page-item-165 page_item_has_children\"><a href=\"https:\/\/www.mypc.com.tr\/bilgisayar\/urunler\/ses-sistemleri\">Ses Sistemleri<\/a>\n\t<ul class='children'>\n\t\t<li class=\"sitemap-item page_item page-item-680\"><a href=\"https:\/\/www.mypc.com.tr\/bilgisayar\/urunler\/ses-sistemleri\/anfi\">Anfi<\/a><\/li>\n\t\t<li class=\"sitemap-item page_item page-item-197\"><a href=\"https:\/\/www.mypc.com.tr\/bilgisayar\/urunler\/ses-sistemleri\/hoparlor\">Hoparl\u00f6r<\/a><\/li>\n\t\t<li class=\"sitemap-item page_item page-item-696\"><a href=\"https:\/\/www.mypc.com.tr\/bilgisayar\/urunler\/ses-sistemleri\/kolon\">Kolon<\/a><\/li>\n\t\t<li class=\"sitemap-item page_item page-item-688\"><a href=\"https:\/\/www.mypc.com.tr\/bilgisayar\/urunler\/ses-sistemleri\/mikser\">Mikser<\/a><\/li>\n\t<\/ul>\n<\/li>\n<\/ul>\n<\/li>\n<\/ul><\/div><\/div><br style=\"clear: both;\">\n","protected":false},"excerpt":{"rendered":"","protected":false},"author":1,"featured_media":0,"parent":0,"menu_order":0,"comment_status":"closed","ping_status":"closed","template":"template-archives.php","meta":[],"_links":{"self":[{"href":"https:\/\/www.mypc.com.tr\/bilgisayar\/wp-json\/wp\/v2\/pages\/493"}],"collection":[{"href":"https:\/\/www.mypc.com.tr\/bilgisayar\/wp-json\/wp\/v2\/pages"}],"about":[{"href":"https:\/\/www.mypc.com.tr\/bilgisayar\/wp-json\/wp\/v2\/types\/page"}],"author":[{"embeddable":true,"href":"https:\/\/www.mypc.com.tr\/bilgisayar\/wp-json\/wp\/v2\/users\/1"}],"replies":[{"embeddable":true,"href":"https:\/\/www.mypc.com.tr\/bilgisayar\/wp-json\/wp\/v2\/comments?post=493"}],"version-history":[{"count":0,"href":"https:\/\/www.mypc.com.tr\/bilgisayar\/wp-json\/wp\/v2\/pages\/493\/revisions"}],"wp:attachment":[{"href":"https:\/\/www.mypc.com.tr\/bilgisayar\/wp-json\/wp\/v2\/media?parent=493"}],"curies":[{"name":"wp","href":"https:\/\/api.w.org\/{rel}","templated":true}]}}